v(-5).
13
Let x(u) = u**3 + 5*u**2 - 9*u - 7. Calculate x(-6).
11
Let q(r) = -r**3 + 6*r**2 + 1. Calculate q(4).
33
Let v(a) = -a**2 - 23*a - 111. What is v(-16)?
1
Let f(s) = 2*s**2 + 12*s - 7. What is f(-8)?
25
Let o(h) = 38*h + 295. Determine o(-8).
-9
Let f(u) = u**3 - 7*u**2 + 8*u - 4. Give f(6).
8
Let r(i) = 7*i + 8. What is r(-5)?
-27
Let b(h) = h**2 - 5*h - 21. Determine b(7).
-7
Let p(i) = -3*i - 32. Calculate p(-8).
-8
Let a(s) = -s**3 - 4*s**2 + 4*s. What is a(-5)?
5
Let h(d) = d**3 - 7*d**2 - 8*d - 9. Determine h(8).
-9
Let m(o) = -o**3 - 5*o**2 - 5*o - 5. What is m(-4)?
-1
Let j(s) = s**2 + 7*s - 6. Calculate j(-7).
-6
Let o(z) = -z**2 - 7*z + 53. Determine o(-12).
-7
Let s(g) = 9*g + 76. Give s(-8).
4
Let d(v) = -2*v**3 - 54*v**2 - 55*v - 63. Give d(-26).
15
Let r(p) = p**3 + 5*p**2 - 4*p + 68. What is r(-7)?
-2
Let z(u) = -8*u**2 - 47*u - 1. Give z(-6).
-7
Let f(x) = -x**2 - 8*x + 21. Calculate f(-9).
12
Let r(z) = -2*z**3 - 5*z**2 - 10*z - 14. What is r(-2)?
2
Let c(t) = -t**3 + 8*t**2 - 12*t - 7. What is c(6)?
-7
Let v(t) = -t**2 + 3*t - 1. Calculate v(2).
1
Let l(p) = -2*p - 27. What is l(10)?
-47
Let x(o) = -2*o**2 + 8*o + 34. What is x(6)?
10
Let p(m) = m**2 - 8*m + 10. Calculate p(6).
-2
Let g(v) = v**2 + 9*v + 2. Give g(-9).
2
Let y(f) = 32*f - 685. Determine y(21).
-13
Let y(d) = d**3 + 14*d**2 - 34*d - 8. Give y(-16).
24
Let f(o) = 43*o - 213. Give f(5).
2
Let c(j) = -j**3 + 5*j**2 + 2*j + 3. Determine c(5).
13
Let w(a) = a**2 - 6*a + 17. Calculate w(6).
17
Let g(i) = -i**2 - 12*i + 5. What is g(-11)?
16
Let a(y) = -y**3 + 6*y**2 - 6*y - 3. What is a(5)?
-8
Let o(c) = -40*c + 276. Calculate o(7).
-4
Let l(q) = -q**3 - 10*q**2 - 26*q - 15. What is l(-4)?
-7
Let n(j) = j**3 + j**2 - j + 2. Determine n(0).
2
Let h(n) = n**3 + 10*n**2 + 13*n + 10. Determine h(-9).
-26
Let s(f) = -f - 1. Calculate s(5).
-6
Let p(x) = 3*x - 8. Determine p(9).
19
Let o(f) = -f**3 - 20*f**2 - 20*f - 15. What is o(-19)?
4
Let c(s) = s - 6. Determine c(6).
0
Let v(b) = b**3 + 26*b**2 + 4*b + 105. Determine v(-26).
1
Let q(y) = 11*y - 1. Give q(1).
10
Let b(x) = -109*x**3 - 2*x - 3. What is b(-1)?
108
Let w(a) = -a**3 - 36*a**2 - 67*a + 51. What is w(-34)?
17
Let y(i) = i**2 + 10*i + 6. Give y(-10).
6
Let z(j) = 3*j - 27. Give z(11).
6
Let s(k) = k**3 - 4*k**2 - 2*k + 2. Determine s(4).
-6
Let c(u) = 7*u + 12. What is c(-6)?
-30
Let k(o) = -o**3 + 7*o + 5. Determine k(4).
-31
Let y(c) = 3*c**3 + 14*c**2 - 5*c - 4. Give y(-5).
-4
Let h(b) = b**3 - 11*b**2 + b + 10. Give h(11).
21
Let i(n) = -n**2 + 14*n - 11. Determine i(12).
13
Let j(c) = c**3 + 7*c**2 - 2*c - 5. Give j(-5).
55
Let u(r) = -11*r + 84. What is u(6)?
18
Let t(x) = 2*x**2 - 3*x + 4. Give t(3).
13
Let r(x) = 8*x + 25. Give r(-1).
17
Let h(d) = d**3 - 2*d**2 - 3*d + 4. Determine h(1).
0
Let b(c) = 11*c**3 + c**2 - 2*c + 4. Give b(-2).
-76
Let y(w) = -w**3 - 11*w**2 + 13*w + 12. What is y(-12)?
0
Let b(w) = w**2 - 11*w - 5. What is b(12)?
7
Let a(v) = -v + 8. Give a(6).
2
Let s(n) = -3*n - 2. What is s(5)?
-17
Let i(v) = 31*v + 61. What is i(-2)?
-1
Let v(t) = t**2 - 7*t + 1. What is v(5)?
-9
Let a(w) = w**3 - 43*w**2 + w - 66. Give a(43).
-23
Let j(p) = 3*p**2 + p - 1. Calculate j(1).
3
Let k(a) = -a**3 + 10*a**2 + 12*a - 8. Determine k(11).
3
Let n(u) = 28*u - 1. Calculate n(-3).
-85
Let h(v) = -17*v - 2. Give h(1).
-19
Let n(h) = h - 54. Determine n(18).
-36
Let o(b) = -b - 3. Determine o(-6).
3
Let z(m) = 30*m - 662. Determine z(22).
-2
Let m(o) = -o**2 + 5*o - 7. What is m(5)?
-7
Let m(v) = -6*v**2 - 31*v - 10. Calculate m(-6).
-40
Let s(v) = v**3 + 14*v**2 + 13*v - 1. Determine s(-13).
-1
Let n(y) = -y**2 - y - 4. What is n(5)?
-34
Let g(j) = 4*j**3 - 2*j**2 + 3*j + 2. What is g(-3)?
-133
Let u(x) = x**3 + 5*x**2 - 3*x + 2. Give u(-6).
-16
Let d(v) = 14*v + 232. Determine d(-16).
8
Let f(j) = j**3 + 5*j**2 - 9*j - 20. What is f(-6)?
-2
Let g(w) = -w**3 + 8*w**2 + 10*w + 12. Give g(9).
21
Let a(w) = 9*w - 200. Calculate a(22).
-2
Let h(q) = -35*q - 185. Calculate h(-5).
-10
Let z(a) = 22*a + 34. Give z(-3).
-32
Let q(g) = 6*g - 14. Give q(4).
10
Let a(m) = 9*m**2 - 2. Calculate a(0).
-2
Let a(h) = -122*h - 121. Calculate a(-1).
1
Let j(g) = -g**2 - 283*g - 1386. Calculate j(-5).
4
Let u(g) = 2*g - 18. Calculate u(9).
0
Let y(b) = b**2 + 5*b + 2. What is y(-5)?
2
Let x(q) = -17*q - 1. What is x(1)?
-18
Let g(l) = l**3 + 6*l**2 - 4*l + 9. Determine g(-7).
-12
Let i(v) = -v**3 - 11*v**2 + 27*v + 6. What is i(-13)?
-7
Let x(b) = 3*b**3 + 14*b + 36. Determine x(-2).
-16
Let y(d) = d**3 - 6*d**2 + 2*d - 4. Calculate y(7).
59
Let x(s) = -s**3 + 7*s**2 - 5*s. What is x(5)?
25
Let h(q) = -q**2 - 3. Calculate h(0).
-3
Let a(l) = 6*l + 48. Determine a(-8).
0
Let j(x) = -x**3 + 5*x**2 + 4*x - 7. Calculate j(5).
13
Let y(g) = -g**2 + 21*g - 29. What is y(19)?
9
Let k(o) = 29*o + 1. Calculate k(2).
59
Let x(u) = -56*u - 50. Give x(-1).
6
Let y(f) = -f**3 + 26*f**2 - 68*f - 30. Give y(23).
-7
Let n(c) = -c**3 - 11*c**2 + 21*c - 12. Determine n(-13).
53
Let r(m) = m**3 + 15*m**2 + 56*m + 7. Give r(-6).
-5
Let l(g) = -3*g. Calculate l(8).
-24
Let h(a) = a**3 + 9*a**2 - 12*a - 19. Calculate h(-10).
1
Let k(t) = t**3 - 5*t**2 - 4*t + 6. Give k(7).
76
Let j(y) = y**3 + 5*y**2 - 6*y + 1. Give j(-6).
1
Let l(s) = s**2 + 2*s - 5. What is l(0)?
-5
Let p(g) = 2*g**3 - 20*g**2 - 5*g + 50. Give p(10).
0
Let h(u) = -u**3 + 3*u**2 + 27*u + 3. What is h(7)?
-4
Let w(u) = -u**2 + 10*u - 16. Calculate w(11).
-27
Let u(n) = 23*n + 616. What is u(-27)?
-5
Let x(h) = -4*h + 8. Give x(-5).
28
Let m(i) = i**2 + 3*i - 22. Calculate m(-6).
-4
Let a(l) = l**3 - 11*l**2 + 15*l + 30. What is a(9)?
3
Let z(p) = p - 8. Give z(-9).
-17
Let n(i) = 2*i**2 - 10*i - 9. What is n(5)?
-9
Let l(i) = -i**2 + 3*i + 1. Determine l(4).
-3
Let h(o) = -2*o + 23. Give h(0).
23
Let k(u) = -u**2 + 16*u - 9. Calculate k(6).
51
Let u(n) = -8*n**2 - 7*n. What is u(-2)?
-18
Let o(a) = a**3 - 54*a**2 - 110*a - 102. What is o(56)?
10
Let v(z) = -4*z - 120. Determine v(-24).
-24
Let t(u) = u - 9. Give t(6).
-3
Let t(f) = 3*f**2 - 62*f + 45. Calculate t(20).
5
Let x(r) = -r**2 + 65*r - 783. Give x(16).
1
Let o(q) = -4*q + 5. Calculate o(-2).
13
Let a(m) = m - 4. Give a(3).
-1
Let n(s) = s**3 - 66*s**2 + 2*s - 127. Give n(66).
5
Let h(v) = -v**3 - 9*v**2 - 27*v - 94. Calculate h(-7).
-3
Let y(w) = 3*w**2 - 8*w + 10. Determine y(2).
6
Let n(i) = i**3 + i**2 + 5*i - 6. Calculate n(0).
-6
Let z(u) = -122*u**3 - u**2. What is z(-1)?
121
Let z(r) = -23*r - 1. Calculate z(-3).
68
Let s(k) = -3*k - 7. Give s(-5).
8
Let p(x) = x**3 - 8*x**2 - 22*x + 19. Calculate p(10).
-1
Let w(f) = -f**2 - 9*f - 57. Determine w(-8).
-49
Let z(w) = -w**2 - 17*w + 20. Calculate z(-18).
2
Let o(t) = -2*t**3 - 2*t**2 + 5. Determine o(-3).
41
Let g(o) = -12*o - 65. Give g(-6).
7
Let c(b) = 2*b + 4. Give c(-5).
-6
Let x(s) = 43*s**2 + s - 1. Calculate x(1).
43
Let u(t) = 3*t**2 - 14*t + 6. Calculate u(6).
30
Let z(l) = 6*l**2 - 10*l - 8. Calculate z(6).
148
Let x(a) = -a**2 - 26*a - 118. Determine x(-21).
-13
Let m(q) = -q**2 - 7*q + 11. Calculate m(-10).
-19
Let z(h) = -4*h**2 - 60*h - 56. Calculate z(-14).
0
Let v(w) = -4*w**3 - 5*w**2 + 4*w - 6. Determine v(2).
-50
Let o(h) = 10*h - 38. Determine o(7).
32
Let a(d) = 23*d - 216. Give a(10).
14
Let h(v) = -17*v + 8. What is h(-4)?
76
Let a(b) = b**2 - 11*b + 7. Determine a(9).
-11
Let s(l) = -4*l**2 - l - 2. Calculate s(-1).
-5
Let o(u) = -u**3 - 3*u**2 + 7*u + 2. What is o(-5)?
17
Let k(v) = v - 40. Calculate k(28).
-12
Let k(y) = -y**2 + 17*y + 23. Give k(18).
5
Let s(a) = -4*a**2 + 4*a + 1. Calculate s(2).
-7
Let j(i) = -i**3 - 5*i**2 - i + 7. What is j(-5)?
12
Let k(u) = -u**3 + 11*u**2 - 12*u + 11. Give k(10).
-9
Let i(r) = -r**2 - 8*r - 15. Give i(-4).
1
Let r(g) = g**3 + 5*g**2 + 5*g + 1. Determine r(-4).
-3
Let f(m) = -6*m - 219. Give f(-35).
-9
Let l(c) = -c**3 - 2*c**2 + 4*c - 2. Determine l(3).
-35
Let n(v) = -2*v + 12. Determine n(7).
-2
Let g(s) = -18*s - 109. What is g(-6)?
-1
Let a(y) = -5*y - 65. Calculate a(-11).
-10
Let h(y) = y**2 - 45*y + 4. Calculate h(45).
4
Let i(t) = -28*t + 418. Calculate i(15).
-2
Let i(j) = j**3 + 5*j**2 + 5*j + 3. Give i(-6).
-63
Let c(w) = -26*w + 11. What is c(5)?
-119
Let r(j)